hat are the prime factors of p?
2, 37
Suppose -27 + 3 = 4*s. List the prime factors of (5/2 - 1)*(-332)/s.
83
Let m(r) = r - 5. Let p be m(7). Suppose -p = 2*k - 6. Suppose -k*f = -5*f + 24. What are the prime factors of f?
2
Suppose -60391 = -31*d + 3934. List the prime factors of d.
5, 83
Let t(i) = -2*i**3 + 4*i**2 + 3*i. Suppose -3*m + 21 = -21. Let r = m + -16. What are the prime factors of t(r)?
2, 13
Suppose 2*m + 5*q - 3*q - 1266 = 0, m - 3*q = 621. List the prime factors of m.
2, 3, 5, 7
Let z(r) be the second derivative of -r**5/20 - r**4 - 11*r**3/6 + 11*r**2/2 + 27*r. Let a be 1 - 12 - 0/(-2). List the prime factors of z(a).
11
Suppose -4*y + 16920 = 26*y. What are the prime factors of y?
2, 3, 47
Let z = -98 + 106. Suppose 5*t - 757 = -4*x, 3*t + 760 = z*t + 5*x. What are the prime factors of t?
149
Suppose -4*g + w = -1380, w + 4 = -0. Suppose 1256 = 8*f - g. List the prime factors of f.
2, 5
Let p(k) = 3*k - 12. Suppose -4*g - 13 = b, 0 = -5*b + 4*b + 5*g - 13. Let w = 20 + b. What are the prime factors of p(w)?
3
Let x = 15 - -6. Let g = 30 - x. List the prime factors of g.
3
Let o = 2461 + -1673. List the prime factors of o.
2, 197
Suppose 30*y - 9000 - 7050 = 0. List the prime factors of y.
5, 107
Let j(r) = 6*r - 6. Let h be j(3). Suppose 0 = -l + 6*l. Suppose o - 2*o + 3*x + h = l, -5*x - 70 = -5*o. What are the prime factors of o?
3, 5
Let k(s) = s**3 - 12*s**2 + 4*s + 6. Let w(c) = -2*c**2 - 13*c + 6. Let p be w(-6). List the prime factors of k(p).
2, 3
Let r(u) = -2 - 2*u**3 + 17*u**2 + 3*u**3 - 29 + 4*u. List the prime factors of r(-16).
7, 23
Let y = 2045 - 1282. What are the prime factors of y?
7, 109
Suppose 78*s - 17*s - 302621 = 0. List the prime factors of s.
11, 41
Let k(b) = 2*b + 9*b - 16*b + 1. What are the prime factors of k(-8)?
41
Let y(d) = d**2 + d. Let h be y(4). Let c = -278 - -281. Suppose 0 = c*i + h - 128. What are the prime factors of i?
2, 3
Let v = -221 - -1405. What are the prime factors of v?
2, 37
Let u(s) = 3 - 8*s - 2 + s**2 + 0*s. List the prime factors of u(12).
7
Suppose 0 = -2*j + 6, -11*r + 7*r - 5*j = -4123. What are the prime factors of r?
13, 79
Let y(a) = a**3 - 10*a**2 - 9*a - 17. Let u be y(11). Suppose 0 = -3*b + u + 7. List the prime factors of b.
2
Let j(f) = f**2 + 11*f - 1. Let w be j(-11). Let v be (1 - 1) + w + 3. List the prime factors of 0 - (v - (-4 + 32)).
2, 13
Suppose 4*q - 4 = -k + 17, -2*k = -4*q + 18. What are the prime factors of k/(-3) - (-741)/9?
2, 41
Let v(q) = -q**2 - 17*q - 6. Let s be v(-11). Let r be (-2904)/s - 3/5. Let y = 78 + r. What are the prime factors of y?
29
What are the prime factors of ((54/3)/(-6))/(-1)*629?
3, 17, 37
Let n(h) = -10*h + 673. List the prime factors of n(-48).
1153
Let m(w) = -w**3 - 6*w**2 + 4. Let a = -14 + 8. Let b be m(a). Suppose b*c + 0*d - 2*d - 44 = 0, -c = 5*d. What are the prime factors of c?
2, 5
Let p be (0 - 0) + -3 + 5. Suppose -p*b = 4*s - 60, -4*b - s + 130 = 2*s. What are the prime factors of b?
2, 17
Suppose 2*j - 7*j + 1247 = 2*b, 0 = 4*j - b - 1008. What are the prime factors of j?
251
Suppose -15*h + 52640 = 17*h. What are the prime factors of h?
5, 7, 47
Suppose -27 = -3*o + 9. Suppose 4*h + 26 - 282 = 2*m, 0 = -3*m + o. What are the prime factors of h?
2, 3, 11
Let l(o) be the second derivative of 2*o**4/3 + 2*o**3/3 - 2*o**2 - 12*o. What are the prime factors of l(3)?
2, 5
Let f be (48/28)/(1/294). List the prime factors of (-1 - 30/(-9))/(6/f).
2, 7
Let g(f) = f + 0*f + 2*f + 9. Let k be g(-8). Let q = 28 + k. What are the prime factors of q?
13
Let h(j) = -j + 5. Let l be h(0). Suppose -4 = r - 2*r, -5*o - l*r - 85 = 0. Let q = -19 - o. What are the prime factors of q?
2
Let f be -2*1 + 0 + -12. Let b = f - -13. List the prime factors of b - (-3)/((-9)/(-84)).
3
What are the prime factors of 1/(8/(-40))*20*-1?
2, 5
Let s be 5 + (-9 - -2) - -4. What are the prime factors of 0/s - 720/(-9)?
2, 5
Suppose -8*r + 372 = -4*r. Let j = r - 67. What are the prime factors of j?
2, 13
Let f be 6*(-3)/(-9) + 14. Suppose -a + h - 6 = -15, -4*h = a + f. List the prime factors of (26/a)/(6/24).
2, 13
Let o(d) = -d**3 + 9*d**2 - 3*d - 5. Let c(m) = -m - 9. Let y be c(-11). Suppose t + 44 = 4*l - 3*t, 4*l = -y*t + 26. List the prime factors of o(l).
5, 7
Suppose -2*l = -5*l + 45. Suppose -z + 42 + l = 0. Let b = z - 32. What are the prime factors of b?
5
Let x be 0 - ((-15)/20 - 31/(-4)). Let l(k) = -3*k**2 + 21*k + 1. Let p(j) = -j**2 + 10*j. Let b(g) = 2*l(g) - 5*p(g). List the prime factors of b(x).
3
Suppose 3*p - 613 = -2*g, -2*p = -7*p + 25. What are the prime factors of g?
13, 23
Suppose -4*z + 2260 = a, -z = -6*a + 7*a - 2269. What are the prime factors of a?
2, 71
Let v be (-22 - -2)*12/(-8). What are the prime factors of 20/25 + (-3)/(v/(-1892))?
2, 5, 19
Suppose 12 - 3 = 2*f - c, 5*c + 9 = f. Let o(q) = -8*q - 1 + 7 - 1 - f*q. What are the prime factors of o(-4)?
53
Let n(p) = -42*p**3 + 5*p**2 + 7*p + 36. What are the prime factors of n(-5)?
2, 3, 7
Suppose -45*r + 5 = -44*r. Suppose 5*y - 110 = -r*b, -9*b + 4*b + 26 = y. What are the prime factors of y?
3, 7
Let s be 18/1 - (-4 + (-4 - -8)). Suppose -s + 92 = t. What are the prime factors of t?
2, 37
Let i be 2 - 4 - -4 - -3. Suppose i*g = 205 - 5. List the prime factors of g.
2, 5
Let m(r) = -2*r**2 + 1. Let l be m(1). Let z = 3 + l. List the prime factors of 2/4*92/z.
23
Let z = 2970 + -1094. What are the prime factors of z?
2, 7, 67
Let j = 252 - 55. Suppose -2*i + 483 = -2*g + 7*g, 2*g - 3*i - j = 0. What are the prime factors of g?
97
Let i = -92 + 718. List the prime factors of i.
2, 313
Let w be (-9610)/(-25) + (-15)/(-25). Suppose -2*s + w = 35. What are the prime factors of s?
5, 7
Let k be 18/(-4)*(-32)/24. What are the prime factors of -30*(-1 + k/(-9))?
2, 5
Suppose -n + 1 = 2*v, -4*v - 23 = -2*n - n. Suppose j = -4*m + 5*j + 32, n*m - 3*j = 32. Suppose 149 - 1 = m*r. What are the prime factors of r?
37
Suppose -2*g + 19 + 3019 = 2*s, -g + 3*s = -1535. Suppose 5*p - o - g = 0, -5*p - 4*o + 7*o + 1519 = 0. List the prime factors of p.
5, 61
Let m(i) = 38*i**2 - i + 2. Let d be m(1). Suppose -2*x = 15 - d. Let r = 0 + x. List the prime factors of r.
2, 3
Let u(p) = 4*p**2 - 6*p - 10. Let i be u(-9). Let c be (-2)/13 + i/26. Suppose -g + 4*f + c + 38 = 0, -f - 4 = 0. List the prime factors of g.
2, 3
Suppose 0 = -4*t + 4*s + 9132 - 1940, -2*s - 5392 = -3*t. List the prime factors of t.
2, 449
Let n = 84 + -82. Suppose 1022 = 5*v + m - 0*m, n*v - 402 = 3*m. List the prime factors of v.
2, 3, 17
Suppose -1662 + 27 = -5*j. What are the prime factors of j?
3, 109
Suppose -2612 = -7*z + 2141. What are the prime factors of z?
7, 97
Let u(b) = 10*b - 11. Let l(m) = 22*m - 23. Let j(z) = -4*l(z) + 9*u(z). Let r(p) = 3*p**2 - 3*p + 3. Let c be r(2). What are the prime factors of j(c)?
11
What are the prime factors of -404*(1 - (3 + -1))/1?
2, 101
Let m = 387 + 241. List the prime factors of m.
2, 157
Let p(h) = -25*h + 53. Let u be p(-19). Let c = u - 305. List the prime factors of c.
223
Suppose 6*k - 651 - 1563 = 0. What are the prime factors of k?
3, 41
Let v = 276 - -1607. List the prime factors of v.
7, 269
Suppose -2*l = -5*v - 732, -l + 251 = 4*v - 128. List the prime factors of l.
7, 53
Let m = -221 - -152. Let h = -41 - m. List the prime factors of h.
2, 7
Let j(h) = -9*h - 5. Let u be 63/4 - 5/(-20). Suppose 5*s - s + u = 0. What are the prime factors of j(s)?
31
Let u = 2915 + -1245. What are the prime factors of u?
2, 5, 167
Let l = 34 + -38. List the prime factors of 26 + l + 3 + 3.
2, 7
Let b be ((-2)/(-4))/((-14)/(-28)). Suppose 13 = 3*j + 2*l - b, 0 = 5*l - 5. Suppose -9 = -j*h + 3. What are the prime factors of h?
3
List the prime factors of (-75)/(3 - (455/75 - 3)).
3, 5
Suppose 5*x = 2*d - 2396, 2*d - 3*d + 5*x + 1193 = 0. List the prime factors of d.
3, 401
Let f(i) = i**3 - 37*i**2 - 38*i - 64. List the prime factors of f(40).
2, 3, 67
Suppose -2*h + d - 2 = -7, -2*h - 2*d + 14 = 0. Suppose h*o + 1 = -3. What are the prime factors of 4 - -4 - o/(-1)?
7
Let o = -118 + 572. What are the prime factors of o?
2, 227
Let n = 35 + 145. List the prime factors of (-2 - n)/(1/(-1)).
2, 7, 13
Suppose 0 = 7*f - 1829 - 1587. What are the prime f